Let w(i) = i**3 + 197*i**2 - 12954*i - 868. Calculate w(-249).
626
Let b(m) = -51875*m - 259408. Give b(-5).
-33
Let w(r) = r**3 - 546*r**2 + 52622*r + 1266. Calculate w(421).
3
Let m(f) = 18504*f + 11120908. What is m(-601)?
4
Let u(q) = -q**3 - 166*q**2 + 5515*q + 915507. What is u(-166)?
17
Let g(t) = -2*t**2 - 272*t + 7676. Calculate g(-165).
-1894
Let i(t) = 7*t**2 + 934*t + 7548. Calculate i(-125).
173
Let y(q) = 77*q**2 + 1923*q - 43. Calculate y(-25).
7
Let x(p) = -367*p - 19392. What is x(-53)?
59
Let i(w) = 3*w**2 + 1959*w + 119285. Determine i(-68).
-55
Let f(x) = -50546*x - 1668041. What is f(-33)?
-23
Let f(i) = -i**3 + 22*i**2 - 75*i - 595. Give f(15).
-145
Let s(x) = -6*x**3 + 942*x**2 + 24*x - 3824. Determine s(157).
-56
Let z(i) = -2*i**2 - 4716*i + 9438. Calculate z(2).
-2
Let u(q) = 69159*q - 2558877. Determine u(37).
6
Let m(q) = 5*q**2 - 41*q - 1032. Determine m(-17).
1110
Let p(z) = 3*z**2 - 154*z + 1434. Give p(40).
74
Let j(b) = -505439*b - 4548955. Calculate j(-9).
-4
Let g(m) = -3*m**2 - 1939*m - 13435. What is g(-7)?
-9
Let o(f) = -659*f - 43407. Calculate o(-66).
87
Let t(x) = 97*x**2 - 92*x - 5. Give t(2).
199
Let f(k) = -k**3 + 160*k**2 + 299*k + 3873. What is f(162)?
-177
Let q(v) = -v**3 + 263*v**2 - 2089*v + 385. Calculate q(8).
-7
Let y(p) = p**3 - p**2 - 160*p + 275. What is y(12)?
-61
Let t(p) = 181*p**2 - 6947*p + 2619. Give t(38).
-3
Let v(k) = k**3 - 165*k**2 + 492*k - 1034. Give v(162).
-62
Let v(z) = -24*z**2 - 35*z + 37. What is v(1)?
-22
Let p(k) = -k**3 - 26*k**2 + 815*k + 429. Give p(20).
-1671
Let n(r) = 2*r**3 - 55*r**2 + 41*r + 181. Give n(26).
-781
Let a(h) = h**3 + 197*h**2 + 9478*h + 6. What is a(-84)?
1182
Let r(b) = 22*b**2 + 535*b + 1858. What is r(-4)?
70
Let h(c) = -3*c**3 + 955*c**2 - 1305*c + 11730. Determine h(317).
1
Let g(d) = -d**2 - 188*d - 8031. Give g(-71).
276
Let o(k) = k**2 + 315*k + 24674. Give o(-174).
140
Let t(y) = -333*y - 18557. Give t(-56).
91
Let f(n) = -106650*n + 1919705. Determine f(18).
5
Let d(v) = -17400*v + 34864. Determine d(2).
64
Let g(s) = 77*s**3 + 34*s**2 + 8*s + 5. What is g(-3)?
-1792
Let l(v) = 4*v**2 - 1657*v + 36371. What is l(391)?
8
Let b(w) = -155*w - 33951. Calculate b(-219).
-6
Let g(q) = -12771*q + 242693. Calculate g(19).
44
Let c(u) = -54634*u - 2239995. What is c(-41)?
-1
Let t(a) = a**3 + 29*a**2 - 66*a - 78. What is t(-31)?
46
Let z(i) = 21539*i - 1443102. What is z(67)?
11
Let x(q) = 1822*q + 12456. Give x(-7).
-298
Let x(g) = -g**3 + 1245*g**2 - 49365*g + 36. Calculate x(41).
-5
Let l(b) = -b**2 - 2625*b + 39602. What is l(15)?
2
Let d(r) = 1255*r - 173177. Calculate d(138).
13
Let r(z) = 2*z**3 - 87*z**2 + 22*z + 714. What is r(43)?
-189
Let l(m) = 213*m**2 + 328*m - 199. Determine l(-2).
-3
Let f(c) = 586*c - 3026. What is f(5)?
-96
Let r(z) = 193*z**2 + 882*z - 32. Determine r(-5).
383
Let d(y) = 4105*y + 7766. Calculate d(-2).
-444
Let n(r) = -558*r + 150521. Give n(269).
419
Let y(m) = -6*m**2 + 11377*m - 202830. What is y(18)?
12
Let k(h) = 349*h + 14700. Calculate k(-43).
-307
Let m(h) = 791*h - 115503. Give m(146).
-17
Let b(r) = 29*r**2 + 679*r - 9188. Calculate b(-33).
-14
Let y(t) = 13*t**2 - 1107*t + 4382. What is y(81)?
8
Let a(g) = g**2 - 235*g + 1336. Determine a(6).
-38
Let o(b) = 111*b**2 + 1806*b - 1477. Calculate o(-17).
-100
Let t(c) = -c**3 - 849*c**2 - 1073*c - 190776. Calculate t(-848).
24
Let o(q) = 383*q - 3351. Give o(7).
-670
Let v(t) = -6*t**2 + 196*t + 1440. Calculate v(-10).
-1120
Let z(s) = -6*s**3 + 186*s**2 + 585*s + 7. Calculate z(-3).
88
Let a(v) = -2*v**2 - 14*v - 2. Calculate a(-7).
-2
Let z(h) = -6308*h - 189244. Give z(-30).
-4
Let b(v) = -2769*v - 423906. Give b(-153).
-249
Let w(f) = 84354*f**2 + 337417*f - 2. Give w(-4).
-6
Let n(k) = 16861*k + 1601803. Determine n(-95).
8
Let g(x) = 7*x**3 + 366*x**2 - 257*x + 429. Calculate g(-53).
5
Let s(f) = -2923*f + 1224736. Give s(419).
-1
Let y(w) = w**3 - 31*w**2 + 11*w + 791. Give y(0).
791
Let w(k) = 14*k**2 - 18388*k + 153944. What is w(1305)?
-46
Let w(r) = 72*r**2 - 2962*r + 410. Calculate w(41).
0
Let d(z) = z**3 + z**2 - 430*z + 1754. What is d(-23)?
6
Let h(b) = -2*b**3 - 2766*b**2 + 8324*b + 11097. What is h(-1386)?
9
Let y(t) = 11*t**2 + 1494*t - 50852. What is y(-164)?
-12
Let c(x) = -x**3 - 43*x**2 + 2489*x + 31253. Give c(-11).
2
Let n(f) = -21843*f - 130662. Calculate n(-6).
396
Let a(g) = g**3 + 68*g**2 - 55*g - 751. Calculate a(-69).
-1717
Let f(h) = 338623*h + 2709020. Give f(-8).
36
Let y(u) = -2*u**2 - 183*u - 2278. Determine y(-68).
918
Let p(h) = 10*h**2 + 2087*h + 3513. Determine p(-207).
-6
Let w(g) = g**3 + 48*g**2 - 593*g + 42. Give w(10).
-88
Let t(a) = a**3 + 266*a**2 + 15840*a - 141. Determine t(-176).
-141
Let d(j) = 93*j**2 + 2629*j - 2671. Determine d(1).
51
Let w(m) = -m**3 + 47*m**2 + 71*m - 1361. Calculate w(48).
-257
Let i(q) = -q**3 - 33*q**2 - 375*q - 2645. What is i(-20)?
-345
Let a(y) = -27*y**2 - 248*y - 35. What is a(-9)?
10
Let v(y) = y**2 - 15*y - 485. What is v(30)?
-35
Let g(q) = -25*q**3 + 658*q**2 + 1942*q + 24. What is g(29)?
-5
Let d(l) = 8*l**3 - 166*l**2 + 314*l + 30. What is d(2)?
58
Let s(g) = 3*g**3 + 393*g**2 + 2253*g + 229. Calculate s(-125).
-146
Let k(y) = 18*y**2 - 932*y + 819. What is k(51)?
105
Let u(k) = 84289*k + 1517091. What is u(-18)?
-111
Let o(y) = 2*y**3 - 170*y**2 - 2873*y - 1411. Calculate o(-14).
3
Let j(k) = 2*k**3 + 2802*k**2 + 5603*k + 9786. Calculate j(-1399).
-7
Let k(y) = 42*y**3 + 3*y**2 - 27*y - 55. Give k(-2).
-325
Let l(i) = i**3 + 47*i**2 - 274*i - 865. Determine l(-52).
-137
Let s(z) = -2*z**3 - 40*z**2 + 1672*z + 35059. What is s(-22)?
211
Let u(s) = -s**2 + 330*s - 20766. Give u(85).
59
Let s(n) = -887*n + 9966. Give s(11).
209
Let r(s) = -3*s**3 - 1317*s**2 - 3466*s + 199696. Give r(-436).
8
Let c(p) = -618*p - 75964. Determine c(-123).
50
Let o(f) = 360*f**2 + 38151*f - 902. Give o(-106).
52
Let h(m) = -332042*m + 664088. Determine h(2).
4
Let c(o) = -831*o - 13543. Give c(-15).
-1078
Let f(l) = -l**2 + 936*l - 175193. What is f(677)?
150
Let x(d) = 2337*d - 184584. What is x(79)?
39
Let p(s) = 3*s**3 - 39*s**2 - 16261*s + 211392. What is p(13)?
-1
Let v(j) = 9469*j - 104149. Determine v(11).
10
Let c(f) = -f**2 + 7396*f - 235668. Give c(32).
-20
Let n(r) = 23*r + 1079. Determine n(-41).
136
Let u(d) = 60*d**2 + 545*d - 11446. Determine u(10).
4
Let t(x) = -2514*x + 52827. What is t(21)?
33
Let m(q) = 24*q**2 - 683*q + 2070. Determine m(25).
-5
Let f(n) = n**3 + 417*n**2 - 17293*n - 1371. Give f(-455).
-6
Let j(z) = -5315816*z + 26579062. Give j(5).
-18
Let y(h) = 6405*h + 64081. What is y(-10)?
31
Let f(p) = 2007*p + 46169. Give f(-23).
8
Let y(r) = -4950*r - 19812. Give y(-4).
-12
Let n(f) = -f**2 + 128*f - 2577. Give n(100).
223
Let b(g) = g**3 - 72*g**2 + 1521*g - 9713. Calculate b(40).
-73
Let o(z) = z**2 - 1485*z + 146184. What is o(106)?
10
Let y(b) = 121*b**2 - 21*b + 42. Give y(2).
484
Let t(m) = -3*m**3 + 2192*m**2 - 5857*m + 23873. Give t(728).
-151
Let f(p) = 274*p**2 - 3212*p + 2177. Calculate f(11).
-1
Let m(w) = -239046*w + 5976181. Give m(25).
31
Let a(u) = -u**3 + 139*u**2 - 3853*u + 1615. Determine a(101).
100
Let o(p) = -34*p**2 - 95*p + 1505. Determine o(10).
-2845
Let y(i) = 75*i**2 + 5307*i - 1212. What is y(-71)?
66
Let c(b) = -74*b + 10571. Give c(140).
211
Let o(x) = -5*x**2 + 4166*x - 434420. Give o(711).
1
Let o(q) = -6*q**3 + 2516*q**2 + 1642*q + 15948. Calculate o(420).
-12
Let h(o) = 2481*o - 2519. Calculate h(1).
-38
Let q(t) = 144*t + 16722. Determine q(-118).
-270
Let x(m) = -m**3 - 74*m**2 + 314*m + 191. Determine x(-78).
35
Let c(i) = i**3 + 309*i**2 + 274*i - 10471. Determine c(-308).
1
Let j(u) = -72906*u + 2041334. Calculate j(28).
-34
Let c(y) = -7696*y - 38598. Give c(-5).
-118
Let t(a) = a**2 + 46*a + 817. Give t(-35).
432
Let g(k) = 1185*k + 86566. Determine g(-73).
61
Let p(a) = -30*a**3 - 106*a**2 - 163*a - 656. Give p(-4).
220
Let b(v) = 6*v**3 + 222*v**2 - 32*v + 223. Give b(-37).
1407
Let m(q) = 3*q**3 + 57*q**2 - 680*q + 332. Determine m(8).
76
Let t(v) = 65*v - 3800. Determine t(86).
1790
Let o(x) = 2*x**3 - 178*x**2 - 128*x - 4723. Calculate o(90).
-43
Let l(j) = -417*j + 13610. Calculate l(33).
-151
Let t(l) = l*